is the thousands digit of 6340?
6
What is the tens digit of 2440?
4
What is the units digit of 1238?
8
What is the hundreds digit of 2713?
7
What is the thousands digit of 16257?
6
What is the units digit of 2448?
8
What is the tens digit of 181?
8
What is the hundred thousands digit of 173938?
1
What is the hundreds digit of 27930?
9
What is the hundreds digit of 4992?
9
What is the hundreds digit of 11700?
7
What is the thousands digit of 1015?
1
What is the units digit of 10140?
0
What is the tens digit of 18112?
1
What is the units digit of 5170?
0
What is the tens digit of 28066?
6
What is the hundreds digit of 682?
6
What is the hundreds digit of 2538?
5
What is the units digit of 76348?
8
What is the tens digit of 185246?
4
What is the units digit of 7288?
8
What is the thousands digit of 5124?
5
What is the ten thousands digit of 15682?
1
What is the units digit of 1240?
0
What is the tens digit of 28081?
8
What is the units digit of 8242?
2
What is the hundreds digit of 2058?
0
What is the units digit of 8538?
8
What is the tens digit of 3995?
9
What is the units digit of 104681?
1
What is the thousands digit of 1071?
1
What is the hundreds digit of 817?
8
What is the tens digit of 6229?
2
What is the tens digit of 928?
2
What is the hundreds digit of 90085?
0
What is the units digit of 2790?
0
What is the units digit of 12361?
1
What is the units digit of 8309?
9
What is the tens digit of 12282?
8
What is the thousands digit of 15870?
5
What is the units digit of 32308?
8
What is the thousands digit of 37983?
7
What is the thousands digit of 2513?
2
What is the hundreds digit of 8075?
0
What is the ten thousands digit of 32806?
3
What is the tens digit of 3398?
9
What is the units digit of 293?
3
What is the units digit of 2009?
9
What is the tens digit of 43776?
7
What is the tens digit of 3040?
4
What is the thousands digit of 3444?
3
What is the hundreds digit of 4359?
3
What is the hundreds digit of 2352?
3
What is the hundreds digit of 3850?
8
What is the thousands digit of 4794?
4
What is the units digit of 76?
6
What is the units digit of 911?
1
What is the tens digit of 81647?
4
What is the units digit of 719?
9
What is the tens digit of 423?
2
What is the ten thousands digit of 46993?
4
What is the thousands digit of 2340?
2
What is the units digit of 1071?
1
What is the ten thousands digit of 91317?
9
What is the hundreds digit of 2929?
9
What is the hundreds digit of 11212?
2
What is the tens digit of 4037?
3
What is the thousands digit of 18431?
8
What is the thousands digit of 2481?
2
What is the hundreds digit of 4536?
5
What is the units digit of 588?
8
What is the hundreds digit of 1859?
8
What is the units digit of 693?
3
What is the thousands digit of 1146?
1
What is the hundreds digit of 149852?
8
What is the hundreds digit of 2953?
9
What is the units digit of 713?
3
What is the ten thousands digit of 42315?
4
What is the units digit of 3150?
0
What is the tens digit of 70371?
7
What is the tens digit of 1810?
1
What is the thousands digit of 71104?
1
What is the thousands digit of 6587?
6
What is the hundreds digit of 19226?
2
What is the units digit of 882?
2
What is the units digit of 13520?
0
What is the units digit of 1073?
3
What is the tens digit of 19143?
4
What is the units digit of 65?
5
What is the thousands digit of 9957?
9
What is the hundreds digit of 1754?
7
What is the hundreds digit of 51627?
6
What is the hundreds digit of 5687?
6
What is the units digit of 39187?
7
What is the units digit of 451?
1
What is the hundreds digit of 18320?
3
What is the units digit of 148203?
3
What is the thousands digit of 3024?
3
What is the units digit of 17780?
0
What is the hundreds digit of 47963?
9
What is the thousands digit of 3001?
3
What is the tens digit of 28248?
4
What is the thousands digit of 1581?
1
What is the ten thousands digit of 14266?
1
What is the thousands digit of 21802?
1
What is the hundreds digit of 92226?
2
What is the hundreds digit of 11313?
3
What is the thousands digit of 5206?
5
What is the hundreds digit of 578?
5
What is the tens digit of 2806?
0
What is the hundreds digit of 950?
9
What is the units digit of 694?
4
What is the hundreds digit of 20224?
2
What is the units digit of 69107?
7
What is the tens digit of 3115?
1
What is the thousands digit of 10793?
0
What is the thousands digit of 87069?
7
What is the thousands digit of 1217?
1
What is the hundreds digit of 5618?
6
What is the tens digit of 1163?
6
What is the units digit of 1227?
7
What is the hundreds digit of 167?
1
What is the units digit of 1843?
3
What is the units digit of 4077?
7
What is the tens digit of 4147?
4
What is the units digit of 23245?
5
What is the tens digit of 38632?
3
What is the hundreds digit of 2580?
5
What is the units digit of 3719?
9
What is the thousands digit of 72598?
2
What is the tens digit of 3473?
7
What is the tens digit of 10981?
8
What is the hundreds digit of 908?
9
What is the units digit of 5204?
4
What is the hundreds digit of 29565?
5
What is the units digit of 18250?
0
What is the tens digit of 948?
4
What is the tens digit of 990?
9
What is the ten thousands digit of 127527?
2
What is the hundreds digit of 10315?
3
What is the tens digit of 156419?
1
What is the hundreds digit of 66730?
7
What is the units digit of 1981?
1
What is the tens digit of 2751?
5
What is the units digit of 66730?
0
What is the thousands digit of 8253?
8
What is the hundreds digit of 12326?
3
What is the hundreds digit of 2725?
7
What is the units digit of 337?
7
What is the hundreds digit of 634?
6
What is the units digit of 5279?
9
What is the units digit of 636?
6
What is the thousands digit of 17818?
7
What is the units digit of 33102?
2
What is the thousands digit of 1638?
1
What is the hundreds digit of 7398?
3
What is the thousands digit of 76859?
6
What is the thousands digit of 20730?
0
What is the units digit of 22469?
9
What is the units digit of 2426?
6
What is the thousands digit of 6869?
6
What is the units digit of 2662?
2
What is the thousands digit of 15355?
5
What is the units digit of 53040?
0
What is the thousands digit of 27821?
7
What is the units digit of 1321?
1
What is the thousands digit of 8837?
8
What is the units digit of 7984?
4
What is the hundreds digit of 15231?
2
What is the thousands digit of 21683?
1
What is the units digit of 136?
6
What is the tens digit of 10685?
8
What is the thousands digit of 32883?
2
What is the hundreds digit of 521?
5
What is the tens digit of 61811?
1
What is the ten thousands digit of 32746?
3
What is the tens digit of 4174?
7
What is the units digit of 1188?
8
What is the ten thousands digit of 69688?
6
What is the units digit of 1715?
5
What is the hundreds digit of 24075?
0
What is the tens digit of 5870?
7
What is the units digit of 74?
4
What is the thousands digit of 43573?
3
What is the hundreds digit of 595?
5
What is the units digit of 9323?
3
What is the tens digit of 9038?
3
What is the ten thousands digit of 24752?
2
What is the tens digit of 26521?
2
What is the thousands digit of 5962?
5
What is the ten thousands digit of 80759?
8
What is the units digit of 864?
4
What is the units digit of 20?
0
What is the thousands digit of 37668?
7
What is the units digit of 944?
4
What is the tens digit of 1645?
4
What is the units digit of 258?
8
What is the thousands digit of 9153?
9
What is the thousands digit of 49071?
9
What is the units digit of 2002?
2
What is the tens digit of 37844?
4
What is the tens digit of 6679?
7
What is the hundreds digit of 2932?
9
What is the thousands digit of 1061?
1
What is the tens digit of 509?
0
What is the hundreds digit of 20966?
9
What is the ten thousands digit of 42170?
4
What is the tens digit of 1943?
4
What is the hundreds digit of 2237?
2
What is the units digit of 22125?
5
What is the tens digit of 778?
7
What is the units digit of 12751?
1
What is the hundreds digit of 376?
3
What is the thousands digit of 13309?
3
What is the tens digit of 85421?
2
What is the hundreds digit of 4794?
7
What is the hundreds digit of 44407?
4
What is the tens digit of 50?
5
What is the hundreds digit of 27677?
6
What is the units digit of 5562?
2
What is the thousands digit of 99459?
9
What is t